).
-17
Let v(t) = t**3 + 680*t - 2778. Determine v(4).
6
Let d(w) = -82*w - 1348. Calculate d(-14).
-200
Let f(w) = 2*w**2 - 10*w + 7. Give f(5).
7
Let m(g) = g**2 - 107*g - 1696. What is m(121)?
-2
Let n(y) = 4*y**2 - 141*y + 402. Give n(3).
15
Let z(g) = -12*g + 322. Give z(23).
46
Let z(j) = j**2 + 20*j - 212. Calculate z(7).
-23
Let f(b) = 17*b**2 + 115*b - 534. What is f(3)?
-36
Let d(o) = -28*o**2 - 871*o - 120. Give d(-31).
-27
Let z(j) = -65*j**2 + 378*j + 74. Calculate z(6).
2
Let f(c) = -63*c - 16. Give f(2).
-142
Let a(q) = -2*q**2 - 34*q - 146. Give a(-13).
-42
Let t(o) = 3*o**2 - 132*o - 160. What is t(42)?
-412
Let w(d) = d**2 + 230*d + 8066. What is w(-43)?
25
Let u(h) = -h**3 - 17*h**2 - 20*h - 91. Calculate u(-16).
-27
Let p(q) = -7*q**2 - 569*q + 572. Determine p(1).
-4
Let s(z) = 29*z + 1289. Calculate s(-44).
13
Let r(b) = 151*b - 3743. What is r(26)?
183
Let s(o) = -o**3 + 35*o**2 + 52*o + 912. Give s(37).
98
Let f(i) = 3*i**2 + 15*i - 122. Determine f(-10).
28
Let d(q) = -2*q**3 - 14*q**2 - 22*q - 316. Determine d(-8).
-12
Let k(p) = -p**2 + 431*p + 29462. Determine k(-60).
2
Let m(r) = -r**2 - 302*r + 909. What is m(3)?
-6
Let j(a) = -a**3 + 8*a**2 - 12*a - 17. Give j(4).
-1
Let r(f) = -43*f**3 + 3*f - 1. Calculate r(-1).
39
Let d(i) = 12*i**2 - 18*i - 29. What is d(-3)?
133
Let a(i) = 24*i**2 - 143*i - 3. Give a(7).
172
Let t(u) = 121*u - 8101. Give t(67).
6
Let n(a) = a**3 - 9*a**2 + 9*a + 5. Calculate n(5).
-50
Let h(g) = -3*g**3 - 5*g**2 - 2*g - 23. What is h(-4)?
97
Let h(r) = 182*r - 2875. Calculate h(15).
-145
Let c(w) = -w**3 - 19*w**2 + 151*w + 33. What is c(-25)?
8
Let m(j) = j**2 + 51*j - 406. What is m(7)?
0
Let m(k) = 29*k**2 + 13*k + 6. Determine m(-4).
418
Let k(b) = -b**3 + 23*b**2 + 12*b - 5. Determine k(24).
-293
Let p(t) = 58*t - 150. Determine p(11).
488
Let u(a) = -2*a**3 + 36*a**2 - 37*a + 50. Determine u(17).
-1
Let n(f) = -418*f**2 + 1255*f + 6. What is n(3)?
9
Let x(b) = b**3 + 16*b**2 - 56*b + 37. Determine x(-19).
18
Let v(t) = t**3 - 5*t**2 + 11*t - 33. Determine v(7).
142
Let q(o) = 2*o**3 + 13*o**2 + 6*o - 7. Give q(-7).
-98
Let p(x) = -513*x + 56430. Calculate p(110).
0
Let p(u) = -u**3 + 29*u**2 - 52*u + 2484. Give p(30).
24
Let m(l) = l**2 - 412*l + 1652. What is m(4)?
20
Let t(o) = -1181*o - 55490. Give t(-47).
17
Let z(v) = 8*v**2 + 8*v - 47. Give z(7).
401
Let u(d) = 129*d + 5941. Give u(-46).
7
Let a(q) = q**3 + 82*q**2 + 276*q - 2823. Determine a(-78).
-15
Let d(s) = -10*s + 52. Calculate d(-1).
62
Let a(t) = 6*t**2 - 223*t. What is a(36)?
-252
Let k(y) = -403*y - 1469. What is k(-4)?
143
Let s(a) = 18*a + 306. Determine s(-16).
18
Let c(f) = -9*f**2 + 795*f - 254. What is c(88)?
10
Let a(s) = -2*s**3 - 3*s**2 - 50*s + 317. Calculate a(7).
-866
Let f(g) = 112*g + 1804. What is f(-16)?
12
Let y(x) = -62*x**2 - 2*x - 2. Calculate y(1).
-66
Let x(p) = -9499*p + 142478. Give x(15).
-7
Let r(w) = w**3 - 23*w**2 + 178*w - 13. What is r(9)?
455
Let w(u) = -u**3 + 9*u**2 - 64*u - 5. Give w(5).
-225
Let t(p) = -p**2 - p + 147. What is t(0)?
147
Let r(f) = -25*f - 348. What is r(-17)?
77
Let z(v) = 12*v**2 - 235*v + 515. What is z(17)?
-12
Let x(u) = -u**3 - 32*u**2 + 189*u - 86. Calculate x(-37).
-234
Let y(b) = -7*b**2 + 8*b + 40. Calculate y(-6).
-260
Let m(i) = -8*i + 445. What is m(36)?
157
Let p(z) = z**3 - 24*z**2 + 93*z + 107. What is p(19)?
69
Let j(b) = 2*b + 206. Calculate j(-10).
186
Let q(a) = -10*a**2 + 145*a - 924. Calculate q(6).
-414
Let x(s) = -34*s**3 + s**2 - 88*s - 88. Give x(-1).
35
Let o(q) = -q**2 - 56*q + 152. What is o(-33)?
911
Let i(n) = -16*n**2 - 63*n + 8. Calculate i(-4).
4
Let r(l) = -l**3 - 5*l**2 + 12*l + 13. What is r(-7)?
27
Let z(x) = -x**2 + 32*x + 143. What is z(38)?
-85
Let s(n) = n**3 - n**2 + 100*n - 469. Give s(4).
-21
Let f(j) = 2*j**3 + 31*j - 10. Calculate f(4).
242
Let f(b) = b**3 - 143*b + 11. Give f(-12).
-1
Let n(k) = -2*k**2 + 268*k + 4469. Determine n(149).
-1
Let n(d) = -d**3 + 31*d**2 - 36*d - 1060. Determine n(28).
284
Let i(k) = -2*k**3 + 28*k**2 + 92*k + 160. Determine i(17).
-10
Let o(i) = 5*i**2 + 564*i - 737. Determine o(-114).
-53
Let p(j) = -5*j**3 - 42*j**2 - 53*j - 299. Determine p(-8).
-3
Let t(y) = -8*y - 167. Calculate t(19).
-319
Let n(z) = z**2 + 92*z + 1580. Give n(-69).
-7
Let j(y) = y**3 + 14*y**2 - 22*y + 147. Give j(-16).
-13
Let j(w) = 5*w - 67. What is j(5)?
-42
Let v(m) = 490*m - 40178. What is v(82)?
2
Let z(w) = 249*w + 2492. Determine z(-10).
2
Let o(v) = v**2 + 78*v + 967. Give o(-62).
-25
Let w(f) = -f**2 - 356*f + 2174. What is w(6)?
2
Let c(r) = r**2 + 15*r - 873. Calculate c(-38).
1
Let p(x) = x**2 - 217*x - 16979. Determine p(-61).
-21
Let k(c) = 22*c**2 + 179*c + 3. Give k(-8).
-21
Let d(r) = -r**2 - 160*r - 1096. Calculate d(-153).
-25
Let y(f) = -3*f**3 - 20*f**2 + 36*f + 216. What is y(-7)?
13
Let f(p) = -385*p - 3459. Calculate f(-9).
6
Let l(n) = -n**2 + 464*n + 8204. Give l(-17).
27
Let g(x) = x**2 - 15*x + 5. Calculate g(12).
-31
Let b(y) = -9*y**2 + 91*y + 52. What is b(11)?
-36
Let f(t) = -7*t - 158. What is f(-56)?
234
Let k(d) = -2*d**2 - 110*d - 591. Give k(-6).
-3
Let o(w) = 3*w**2 + 18*w - 121. What is o(-12)?
95
Let r(f) = -22*f**2 + 2*f + 16. Determine r(-3).
-188
Let j(k) = 250*k**2 + 15*k - 5. Determine j(-1).
230
Let y(a) = -1553*a + 3. Determine y(0).
3
Let k(m) = 58*m + 768. What is k(-13)?
14
Let v(r) = -52*r**3 + 90*r**2 - 88*r - 2. Determine v(1).
-52
Let z(y) = 3*y**2 - 310*y + 2292. Determine z(8).
4
Let s(l) = 14*l**2 - 251*l - 286. What is s(19)?
-1
Let r(m) = m**2 + 48*m + 494. Determine r(-18).
-46
Let w(g) = -g**3 + 25*g**2 - 117*g - 2. Give w(19).
-59
Let v(b) = -52*b + 11. Determine v(6).
-301
Let z(k) = 398*k - 38610. Determine z(97).
-4
Let i(s) = -s**3 - 5*s**2 + 103*s + 594. Determine i(-6).
12
Let g(v) = 2*v**2 - 108*v + 1059. Determine g(41).
-7
Let s(k) = 1612*k - 9669. Determine s(6).
3
Let w(r) = -4*r**3 + 118*r**2 + 66*r - 184. Give w(30).
-4
Let z(c) = 725*c - 11599. Calculate z(16).
1
Let p(v) = 5*v - 357. Determine p(40).
-157
Let a(o) = o**2 - 13. What is a(0)?
-13
Let b(z) = z**2 + 6*z - 91. What is b(-14)?
21
Let t(i) = i**3 - 20*i**2 - 19*i - 12. Calculate t(21).
30
Let n(x) = 2*x**3 - 10*x**2 - 4*x - 197. Give n(0).
-197
Let p(q) = -q**3 + 22*q**2 - 17*q - 34. Give p(21).
50
Let n(o) = -o**3 - 5*o**2 + 122*o + 239. Give n(-13).
5
Let i(s) = -8*s**2 + 100*s - 391. Calculate i(5).
-91
Let i(w) = -w**2 - 194*w - 2999. Calculate i(-17).
10
Let j(c) = 3666*c - 54996. What is j(15)?
-6
Let y(h) = 4*h**3 - 50*h**2 + 13*h + 173. Calculate y(12).
41
Let u(t) = 3*t**2 - 41*t - 54. Give u(15).
6
Let u(i) = 3*i**3 - 80*i**2 + 119*i + 154. Determine u(25).
4
Let l(o) = 3*o**2 - 197*o - 283. What is l(67)?
-15
Let b(q) = -2*q**3 - 19*q**2 + 47*q - 66. Give b(-12).
90
Let a(y) = 532*y + 8. Give a(0).
8
Let z(c) = c**2 + 2880*c - 8655. What is z(3)?
-6
Let w(u) = -u**2 + 606*u + 8048. Give w(-13).
1
Let s(u) = 31*u - 328. Calculate s(7).
-111
Let p(a) = -a**2 + 41*a - 167. Determine p(33).
97
Let n(w) = -23*w - 7. Give n(0).
-7
Let a(l) = -l**3 - 11*l**2 - 71*l - 434. Determine a(-8).
-58
Let n(l) = 9*l**2 - 23*l - 108. Determine n(7).
172
Let l(u) = u**3 + 21*u**2 - 49*u + 208. Determine l(-23).
277
Let u(i) = 2*i**2 - 75*i - 36. Calculate u(38).
2
Let f(b) = 3*b**3 - 42*b**2 - 30*b - 29. What is f(14)?
-449
Let p(j) = -j**3 + 4*j**2 + 17*j + 3. What is p(-4)?
63
Let b(x) = -x**2 + 3083*x - 24607. What is b(8)?
-7
Let a(l) = 14*l**3 + 3*l**2 + 5*l - 23. Give a(3).
397
Let g(o) = 2831*o + 14162. What is g(-5)?
7
Let w(r) = r**3 - 12*r**2 + 18*r - 43. Give w(10).
-63
Let k(s) = -s**3 - 17*s**2 + 15*s + 9. Calculate k(-18).
63
Let o(b) = -34*b**2 + 1157*b - 33. Determine o(34).
1
Let o(x) = 18*x**2 - 2*x - 2. Calculate o(-4).
294
Let n(o) = -4*o**2 + 164*o + 423. What is n(43)?
79
Let v(c) = c**3 - 2*c**2 - 34*c + 199. Give v(8).
311
Let h(t) = -6*t**2 - 20*t + 161. Give h(-7).
7
Let p(v) = -10*v**3 - 63*v**2 - v + 107. Calculate p(-6).
5
Let g(r) = 88*r + 89. What is g(-1)?
1
Let w(k) = -845*k + 6769. Give w(8).
9
Let p(v) = -v**2 + 122*v + 1316. Calculate p(-10).
-4
Let g(c) = 1203*c - 3617. Determine g(3).
-8
Let x(l) = l**3 - 58*l**2 + 399*l - 127. Give x(50).
-177
L